 is the highest common factor of 325 and 15365675?
325
Calculate the highest common factor of 6291400 and 24256.
3032
What is the greatest common factor of 459 and 268007958?
153
Calculate the greatest common factor of 13482690 and 191.
191
What is the highest common factor of 85528400 and 175?
25
What is the highest common divisor of 108 and 9736668?
36
Calculate the greatest common factor of 2143180 and 7540.
260
What is the highest common divisor of 106308450 and 10800?
1350
Calculate the highest common factor of 4433 and 151294.
143
What is the highest common divisor of 64502674 and 2?
2
What is the highest common divisor of 4398 and 25248918?
4398
What is the highest common factor of 94936 and 78264?
8
What is the greatest common factor of 1081685 and 8635?
55
What is the greatest common divisor of 124292 and 1960?
28
Calculate the highest common divisor of 274379 and 44954.
133
Calculate the highest common divisor of 11106 and 1219662.
18
Calculate the highest common divisor of 48101 and 148039.
467
What is the greatest common factor of 66646405 and 8841?
2947
Calculate the highest common divisor of 10140 and 173312880.
10140
Calculate the greatest common divisor of 86680048 and 259.
259
What is the greatest common divisor of 244 and 388082?
122
Calculate the greatest common divisor of 2930 and 15882358.
586
Calculate the greatest common factor of 531637857 and 1697.
1697
Calculate the highest common factor of 5642 and 40128725.
2821
What is the highest common factor of 54793 and 9577?
157
Calculate the greatest common divisor of 1351399 and 294.
7
What is the highest common factor of 44163 and 160305381?
6309
Calculate the greatest common divisor of 6527639 and 9858.
1643
What is the highest common factor of 386372101 and 10810?
1081
What is the greatest common divisor of 2004 and 5967372?
12
What is the greatest common factor of 75742933 and 161?
161
Calculate the highest common divisor of 2324 and 6281184.
28
What is the greatest common factor of 62174 and 721?
7
Calculate the greatest common divisor of 199210 and 19360.
110
Calculate the greatest common divisor of 40828792 and 6280.
1256
What is the greatest common divisor of 371952 and 514269?
567
Calculate the greatest common factor of 3021955 and 140765.
2995
Calculate the greatest common divisor of 720 and 12971600.
80
What is the highest common factor of 301 and 3894596?
43
What is the greatest common factor of 1576490 and 310?
10
What is the greatest common divisor of 200716 and 62453?
361
Calculate the highest common divisor of 66 and 277401498.
66
What is the greatest common factor of 496 and 10806848?
496
Calculate the greatest common divisor of 21300 and 4897935.
1065
What is the highest common factor of 22663166 and 222?
74
Calculate the greatest common factor of 13140 and 1117.
1
What is the greatest common factor of 180336 and 54392?
104
What is the highest common factor of 127414 and 22078?
266
Calculate the greatest common factor of 7266505 and 3335.
115
Calculate the greatest common divisor of 12 and 258174.
6
Calculate the highest common divisor of 9 and 216179496.
9
What is the highest common divisor of 164282450 and 428?
214
Calculate the greatest common divisor of 114 and 517025739.
57
What is the highest common divisor of 40 and 24866530?
10
Calculate the highest common divisor of 11464855 and 130.
5
What is the highest common divisor of 566595 and 430?
5
Calculate the highest common divisor of 17088345 and 2165.
2165
Calculate the greatest common factor of 858 and 2792922.
66
Calculate the highest common divisor of 80327 and 13197509.
2171
What is the greatest common divisor of 97284921 and 1691?
1691
Calculate the highest common factor of 1173081 and 13377.
273
What is the greatest common factor of 21771 and 624825?
9
What is the highest common factor of 197757 and 1546839?
2709
Calculate the highest common factor of 1524 and 7583.
1
Calculate the greatest common divisor of 69750225 and 45.
45
What is the greatest common divisor of 3314090 and 4355?
65
What is the highest common factor of 87848 and 52264?
1112
What is the highest common divisor of 36455927 and 874?
19
What is the highest common divisor of 5236 and 8943921?
119
Calculate the highest common factor of 110 and 942083890.
110
What is the greatest common divisor of 1905 and 8757795?
15
Calculate the greatest common factor of 629329 and 174.
29
Calculate the highest common factor of 76826 and 729488.
718
Calculate the greatest common divisor of 264 and 143962170.
66
Calculate the highest common divisor of 8 and 65333044.
4
What is the greatest common factor of 12 and 172052304?
12
Calculate the highest common divisor of 21638430 and 75506.
3974
Calculate the highest common factor of 482160 and 1130985.
615
Calculate the greatest common divisor of 79325490 and 20.
10
What is the greatest common factor of 715286 and 156?
26
What is the greatest common factor of 4 and 1385988712?
4
What is the highest common divisor of 2907495728 and 16?
16
What is the highest common factor of 8 and 54722648?
8
What is the highest common divisor of 62574314 and 748?
374
What is the highest common factor of 69907691 and 35?
7
What is the greatest common factor of 3601 and 71522231?
277
Calculate the greatest common factor of 8802610 and 1052.
526
What is the greatest common divisor of 700 and 4322465?
35
Calculate the highest common divisor of 4642 and 52712.
22
Calculate the highest common divisor of 180 and 326580.
60
Calculate the highest common factor of 11964 and 1116168.
12
What is the highest common divisor of 45449913 and 1434?
717
What is the highest common factor of 472838716 and 166?
166
What is the greatest common divisor of 5202686 and 15650?
626
What is the highest common divisor of 257208 and 312?
24
What is the highest common divisor of 7620 and 26550620?
2540
Calculate the highest common divisor of 1248 and 71027736.
312
What is the highest common factor of 609 and 10046001?
21
What is the greatest common divisor of 504642 and 13590?
906
Calculate the greatest common divisor of 18972960 and 96.
96
What is the highest common divisor of 10622806 and 11026?
298
What is the highest common factor of 371726 and 4738?
46
Calculate the highest common factor of 5656655 and 35.
5
What is the greatest common divisor of 133350 and 69650?
350
What is the greatest common factor of 126 and 266697207?
63
What is the greatest common factor of 332440 and 1870?
10
Calculate the greatest common factor of 4389 and 213261510.
4389
Calculate the highest common factor of 5232 and 57225654.
654
Calculate the highest common divisor of 152958 and 3536637.
2067
What is the greatest common factor of 1440 and 35870148?
36
What is the greatest common factor of 1245 and 73860?
15
What is the highest common factor of 867840 and 197976?
2712
Calculate the greatest common divisor of 1455 and 2405261955.
1455
Calculate the highest common divisor of 729871528 and 8.
8
Calculate the greatest common factor of 616692 and 1139.
17
Calculate the greatest common factor of 3632824 and 1352.
1352
What is the greatest common divisor of 2152150 and 288750?
3850
What is the highest common divisor of 114637 and 26465?
67
What is the highest common factor of 421744 and 61318?
86
Calculate the highest common factor of 3479495 and 120.
5
What is the greatest common divisor of 310757 and 16351350?
1627
Calculate the greatest common factor of 3728 and 26661724.
932
Calculate the highest common factor of 42 and 120113.
7
What is the highest common divisor of 39069740 and 761?
761
Calculate the highest common factor of 8868620 and 80.
20
What is the greatest common factor of 933844307 and 22?
11
What is the greatest common factor of 26436564 and 20706?
714
Calculate the highest common divisor of 14157958 and 10.
2
Calculate the highest common divisor of 6010 and 255992945.
3005
What is the highest common factor of 24 and 2022369?
3
Calculate the highest common divisor of 27117 and 169884992.
3013
What is the greatest common factor of 59032 and 4136?
376
What is the greatest common divisor of 6807549 and 20048?
1253
What is the greatest common divisor of 75328044 and 132?
132
Calculate the greatest common divisor of 122962800 and 172.
172
What is the highe